d(y)?
8
Let g = -32584 + 67428. What is the hundreds digit of g?
8
Let w(k) = -29*k**2 + 5*k. Let z be w(3). Let b = z - -532. Suppose -2*d + 2*q = -162, 4*d - q - 26 = b. What is the tens digit of d?
7
Let v = -17 + 31. Let u(o) = 15*o + 7. What is the hundreds digit of u(v)?
2
Let p = -4 + 56. Let g = 57 - p. Suppose -g*j = -10*j + 40. What is the units digit of j?
8
What is the hundreds digit of 1167568/20 - (19 - 1176/60)?
3
Let d(u) = 257*u**2 - 69*u - 19. What is the thousands digit of d(-4)?
4
Suppose 273*d = 269*d + 344. Suppose -q = -j + 42, 3*j = -5*q + d + 24. What is the tens digit of j?
4
Let z be -1990*((-4)/56 + 9/(-21)). Suppose 4*b - z = 5*y - 0*b, 0 = -4*b. Let h = -47 - y. What is the tens digit of h?
5
Let x(q) = 3*q**3 - q**2 - 4*q - 2. Let n be x(-1). What is the units digit of (-415*3/6 + 0)*n?
5
Suppose -797 - 1555 = -16*a. Let s = -145 + a. Suppose 0 = 5*w + s*b - 1241, 0*b + 2*b = -4*w + 992. What is the units digit of w?
9
Let f = -3880 + 4177. What is the hundreds digit of f?
2
Let x(y) = -3*y - 21. Let u(w) = 6 - w**2 - 6*w + 0*w + 1 + 3*w. Let a be u(-6). What is the tens digit of x(a)?
1
Let x(d) = -d - 10. Let t be x(-17). Suppose 0 = -6*k + t*k - 92. Let z = k + -36. What is the units digit of z?
6
Let i = 24 + 243. Suppose -51*t + 48*t = -i. What is the tens digit of t?
8
Let c(u) = 53*u - 73. Let d(m) = -9*m + 10. Let n(w) = c(w) + 4*d(w). Suppose -2*p - 7 = -21. What is the tens digit of n(p)?
8
Let n(l) = 2*l**2 - 8*l + 2. Let p be n(-6). Let f(v) = -27*v - 1511. Let z be f(-55). Let c = p + z. What is the tens digit of c?
9
Let b(f) = -f**3 + 22*f**2 + 44*f + 21. Let d be 3/15 - (-228)/10. What is the units digit of b(d)?
4
Let h(w) = -35*w + 17. Let g(v) = 18*v - 9. Let t(k) = 7*g(k) + 4*h(k). What is the units digit of t(-5)?
5
Suppose 0 = 5*b - 2*t - 48, -3*b + 3*t = 4*t - 20. Let i(m) = 70*m + 127. What is the hundreds digit of i(b)?
6
Suppose -5*q + 4 = -7*q, 0 = 2*r + 4*q - 478. Let k = 396 - r. What is the tens digit of k?
5
Let j be (-15)/60*(1 + 11). What is the hundreds digit of j/(-3)*-1*(-342 - -11)?
3
Suppose -5*o - 2418 = 2*r, -2*o + 6*r - 948 = 2*r. Let p = 274 - o. Let j = -483 + p. What is the tens digit of j?
7
Let h = 96022 - 45393. What is the units digit of h?
9
Suppose -2*u = 2*s - 2874, -13*s + 4311 = 3*u - 16*s. What is the hundreds digit of u?
4
Let v = -2 - -9. Let x(k) = 12*k**3 + 12*k**2 - 2*k + 3. Let j(d) = -7*d**3 - 6*d**2 + d - 2. Let c(s) = -7*j(s) - 4*x(s). What is the tens digit of c(v)?
5
Suppose o - 14850 = -4*g + 5422, -2*g = 4*o - 81074. What is the ten thousands digit of o?
2
Let t = 90 - 107. Let f = t + 108. Suppose -15*b + 14*b = -f. What is the tens digit of b?
9
Let a(v) = -4*v + 21. Let c be a(4). What is the hundreds digit of (-2*1)/(4*c/(-4150))?
4
Suppose -18 = 5*d + 2*t, 4 = 2*d + 4*t + 24. What is the units digit of (-2)/(3/555*d)?
5
Let k(o) = -346*o - 40. Let d be k(-4). Suppose -15*w + d + 411 = 0. What is the hundreds digit of w?
1
Suppose -u - 24 = -4*u. Let r be (8/6)/(u/18). Suppose 0 = r*g - 6*g + 45. What is the tens digit of g?
1
Let h(s) = 2*s**2 + 22*s - 140. Let d(p) = p**2 - 13. Let t be d(-5). What is the hundreds digit of h(t)?
4
Let q(f) = 3*f**2 + 139*f + 182. Let a be q(-45). Suppose 1 = g - 4. Suppose -x = 2*l - g*x - 342, -505 = -3*l + a*x. What is the hundreds digit of l?
1
Let u = 13428 + -9550. What is the units digit of u?
8
Let b = 39 - 35. Suppose 2*t = -2*a + 264, b*t + 4*a - 395 = t. Let f = t - 71. What is the tens digit of f?
6
Let i(s) = -141*s + 153. Let n(d) = -35*d + 38. Let m(y) = 5*i(y) - 21*n(y). What is the units digit of m(6)?
7
Let o(z) be the third derivative of z**6/20 - 7*z**5/60 - z**4/6 + z**3 + 161*z**2. What is the thousands digit of o(6)?
1
Let x(y) = -2*y**2 - 42*y + 28. Let s be x(-29). Let i = s + 1007. What is the tens digit of i?
7
Let y = -91 - -21. Let v = y + 82. Suppose -q = -c - 69 - 119, v = 3*c. What is the units digit of q?
2
Let t = -48 + 1286. Let h = t - 494. What is the units digit of h?
4
Let m = 94792 - 37810. What is the ten thousands digit of m?
5
Suppose -123415 = 133*t - 654295 - 1071371. What is the tens digit of t?
4
Let a = 1623 - -248. What is the thousands digit of a?
1
Let o be (-72)/(-162) + (-130803)/(-27)*1. Suppose -5*d + 8*i + o = 13*i, i + 4821 = 5*d. What is the hundreds digit of d?
9
Let g be (-1800)/35*(-56)/6. Suppose g = 23*r - 8*r. What is the units digit of r?
2
Let c = -87 - -103. Let g(m) = -3*m + m**2 + 13 - 7*m**3 + 5*m**3 - c. What is the units digit of g(-4)?
3
Suppose -7*k + 1135 = -6*k. What is the units digit of (-1 + 0)/((-5)/k)?
7
Let u(b) = -2*b + 39. Let t be (-1 - 4/(-3)) + 10/6. Suppose 32 = -t*f + 4*z, z - 3*z + 56 = -3*f. What is the tens digit of u(f)?
7
Suppose 10*k = 128 - 278. Let r(y) = -8*y + 14 + 0 + 15. What is the hundreds digit of r(k)?
1
Suppose -205 = m + 5*q, -5*q + q - 604 = 3*m. Let l = m - -111. Let u = -53 - l. What is the units digit of u?
6
Suppose -59*i + 37436 = -57*i - 10130. What is the tens digit of i?
8
Let v(d) = -2*d**3 - 21*d**2 - 11*d - 6. Let g be v(-10). Let y be -1*g/(2 - -2)*-11. Suppose -325 = -5*n + 5*p, n - y = 3*p + 64. What is the tens digit of n?
6
Let s = -104 - -105. Suppose -4*k + s = -467. What is the units digit of k?
7
Let f be 2/5 + 13/5. Suppose 10*w = 5*w - 4*q + 36, w + q - 8 = 0. Suppose 128 = 4*c - 4*k, 0*k - 117 = -f*c - w*k. What is the units digit of c?
5
Let s = 0 - -3. Suppose i = 2*x + s*i - 68, -i + 100 = 3*x. Suppose x + 59 = 2*l. What is the tens digit of l?
4
Suppose -2*x - r - 13 = 0, -2*r = -x - 6*r - 10. Let q be (2 + -2)/(x + 5). Suppose -2*l + 10 = q, 2*b - 106 = -l + 225. What is the hundreds digit of b?
1
Suppose 756*x = 660*x + 644160. What is the tens digit of x?
1
Let h(o) be the third derivative of o**5/12 + o**4/12 + 4*o**3/3 + 2*o**2 + 3. What is the tens digit of h(-4)?
8
Let d(t) = 12*t - 152. What is the units digit of d(46)?
0
Suppose 12*z = 188 - 3764. Let j = 97 - -342. Let k = j + z. What is the hundreds digit of k?
1
Let m = -8 + 7. Let t be (-149)/((-1)/4*m). Let r = -402 - t. What is the units digit of r?
4
Let l(c) = 1716*c**3 + 3*c**2 - 44*c + 79. What is the thousands digit of l(2)?
3
Let h = -2223 - -3114. Suppose 17*t - 15*t - 886 = -3*w, 3*w - 3*t - h = 0. What is the units digit of w?
6
Let n be ((-300)/(-16))/((-12)/(-32)). What is the tens digit of 1094808/725 - 4/n?
1
Let l(n) = -n**3 - 9*n**2 + 11*n - 26. Suppose 61*m - 14 = 60*m. Suppose -22 - m = 3*f. What is the units digit of l(f)?
4
Let k(l) = -78*l + 40. Let z be k(8). Let r = -427 - z. What is the hundreds digit of r?
1
Let b(d) = d**2 - 17*d + 57. Let c be b(12). What is the tens digit of (c*1/2)/(6/(-1884))?
7
Let y(x) be the first derivative of 4*x**2 + 12*x + 738. Let a be 2/((1/(-1))/(-4)). What is the units digit of y(a)?
6
Let f = 4628 - 1043. Suppose -717 = -l + 4*p - 3*p, 0 = 5*l - p - f. Suppose -3*z + 3*g = -l, 0 = -z - 5*g - 13 + 222. What is the units digit of z?
4
Suppose 27*h + 23*h - 9577 = 30773. What is the units digit of h?
7
Let k be (6/(-4))/(4 + 285/(-72)). Let j(p) = -15*p**3 - 2*p**2 + 2*p - 1. Let h be j(1). Let q = h - k. What is the tens digit of q?
2
Let g(m) = 73*m**2 - 23*m + 25. Let a be g(6). Let w = -1490 + a. What is the tens digit of w?
2
Let b(w) = -2*w - 19. Let y be b(5). Let c = y - -23. What is the units digit of (3 - (c + 6)) + (0 - 0)?
3
Let w = -23 - -32. Let v be (5 - 1) + w + -2. Let r(k) = 2*k**2 - 16*k + 10. What is the tens digit of r(v)?
7
Suppose 2481520 = 14*p + 26*p + 40*p. What is the thousands digit of p?
1
Suppose 12 + 12 = 4*h. Let z be (-27)/2*h/(-9). What is the tens digit of (3/2*-1)/(z/(-408))?
6
Let o(p) = -501*p + 4304. What is the tens digit of o(8)?
9
Let k(q) = -q + 18*q**2 + 21*q - 19 + 2*q**3 - 11*q. What is the units digit of k(-8)?
7
Suppose 0 = -29*d + 31*d - 10. Suppose d*k = 21 + 4. Suppose -80 = k*h - 250. What is the units digit of h?
4
Let z = 4950 - 4022. What is the tens digit of z?
2
Suppose -2*z - 3*y - 1913 = 0, -4779 = -33*z + 38*z + 4*y. Let o = 1769 + z. What is the units digit of o?
4
Suppose 0 = -5*u + 2*q + 20, 3*q = -u + 2*q - 3. Suppose a + 22*h - 931 = 18*h, 1835 = u*a - h. What is the hundreds digit of a?
9